) to base 11.
-16
Convert 1 (base 10) to base 12.
1
c (base 16) to base 7
15
-105 (base 6) to base 12
-35
What is 10 (base 7) in base 12?
7
What is 57 (base 15) in base 5?
312
Convert 20010 (base 3) to base 15.
b0
Convert 10000 (base 3) to base 14.
5b
3 (base 6) to base 10
3
Convert -a (base 11) to base 3.
-101
Convert -b9 (base 13) to base 11.
-129
-5 (base 15) to base 2
-101
Convert -2 (base 3) to base 12.
-2
Convert -20 (base 5) to base 15.
-a
-19 (base 11) to base 6
-32
3 (base 6) to base 2
11
What is -63 (base 11) in base 13?
-54
0 (base 13) to base 6
0
What is 1 (base 14) in base 16?
1
What is 0 (base 9) in base 12?
0
4 (base 8) to base 12
4
2 (base 11) to base 13
2
What is 2 (base 8) in base 16?
2
What is 4 (base 9) in base 3?
11
What is -66 (base 8) in base 5?
-204
-34 (base 14) to base 10
-46
3 (base 12) to base 5
3
-2021 (base 3) to base 9
-67
What is -89 (base 12) in base 4?
-1221
-5 (base 11) to base 14
-5
Convert -6 (base 7) to base 12.
-6
What is 17 (base 13) in base 11?
19
-6 (base 8) to base 6
-10
Convert -15 (base 14) to base 16.
-13
Convert 10 (base 7) to base 12.
7
What is -10330 (base 4) in base 3?
-102201
-20 (base 3) to base 12
-6
Convert 11 (base 9) to base 5.
20
Convert 1011 (base 2) to base 10.
11
Convert -55 (base 8) to base 14.
-33
Convert -20 (base 7) to base 5.
-24
-420 (base 6) to base 5
-1111
What is 12b (base 15) in base 10?
266
-73 (base 13) to base 2
-1011110
Convert 33 (base 15) to base 7.
66
Convert 83 (base 11) to base 7.
160
What is 11 (base 3) in base 16?
4
-46 (base 15) to base 10
-66
12 (base 5) to base 3
21
Convert -211 (base 7) to base 5.
-411
What is 3 (base 8) in base 5?
3
What is 13 (base 9) in base 2?
1100
15 (base 9) to base 3
112
What is 4 (base 5) in base 10?
4
Convert 181 (base 16) to base 2.
110000001
Convert 23 (base 5) to base 12.
11
What is 2 (base 9) in base 7?
2
Convert 198 (base 14) to base 13.
1c5
What is 134 (base 5) in base 6?
112
18 (base 12) to base 10
20
Convert -4 (base 13) to base 4.
-10
What is 344 (base 5) in base 13?
78
What is 40 (base 6) in base 13?
1b
Convert -273 (base 10) to base 9.
-333
What is 90 (base 14) in base 15?
86
-2 (base 16) to base 5
-2
-20 (base 11) to base 6
-34
Convert 9 (base 10) to base 4.
21
Convert -2 (base 11) to base 14.
-2
What is 2a (base 12) in base 11?
31
Convert -a (base 13) to base 4.
-22
0 (base 14) to base 11
0
Convert 3 (base 4) to base 8.
3
Convert 23 (base 12) to base 7.
36
-1321 (base 6) to base 11
-287
What is 10121 (base 3) in base 10?
97
What is -8d (base 16) in base 15?
-96
Convert -3 (base 10) to base 5.
-3
Convert -5 (base 15) to base 16.
-5
What is 185 (base 14) in base 12?
221
1e (base 15) to base 4
131
What is -20 (base 3) in base 5?
-11
What is -100111101 (base 2) in base 4?
-10331
2 (base 15) to base 9
2
-176 (base 11) to base 14
-108
What is -1 (base 3) in base 4?
-1
-2 (base 12) to base 7
-2
5 (base 9) to base 2
101
0 (base 14) to base 3
0
6 (base 11) to base 7
6
8 (base 13) to base 3
22
Convert -123 (base 4) to base 10.
-27
Convert 10 (base 14) to base 11.
13
Convert 15 (base 6) to base 13.
b
-31 (base 5) to base 10
-16
What is -101 (base 5) in base 10?
-26
-53 (base 10) to base 11
-49
-2233 (base 5) to base 12
-226
4d (base 14) to base 2
1000101
Convert 10 (base 14) to base 4.
32
Convert 232 (base 4) to base 12.
3a
Convert -3 (base 12) to base 2.
-11
11020 (base 3) to base 12
96
What is -1 (base 10) in base 2?
-1
100011 (base 2) to base 8
43
Convert 1202 (base 3) to base 13.
38
What is -75 (base 13) in base 3?
-10120
What is 10 (base 5) in base 6?
5
-64 (base 14) to base 4
-1120
6 (base 9) to base 2
110
What is 95 (base 14) in base 7?
245
What is d (base 16) in base 6?
21
Convert -36 (base 9) to base 6.
-53
41 (base 5) to base 13
18
What is -1121 (base 3) in base 15?
-2d
Convert -d (base 16) to base 10.
-13
-6 (base 7) to base 2
-110
Convert -12 (base 11) to base 5.
-23
Convert -7 (base 14) to base 2.
-111
What is -19 (base 11) in base 10?
-20
What is 3 (base 12) in base 15?
3
What is -17 (base 16) in base 3?
-212
2 (base 12) to base 14
2
Convert 91 (base 15) to base 4.
2020
Convert -140 (base 7) to base 2.
-1001101
25 (base 8) to base 2
10101
3 (base 12) to base 3
10
Convert d (base 14) to base 5.
23
10 (base 4) to base 7
4
Convert -186 (base 10) to base 4.
-2322
What is -4 (base 10) in base 7?
-4
10100 (base 2) to base 4
110
3 (base 11) to base 13
3
Convert 76 (base 10) to base 4.
1030
What is -7b (base 16) in base 4?
-1323
452 (base 6) to base 14
c8
What is -2 (base 3) in base 9?
-2
What is -8 (base 10) in base 9?
-8
Convert -1010 (base 3) to base 5.
-110
What is 2 (base 9) in base 10?
2
Convert -29 (base 14) to base 13.
-2b
What is 3 (base 15) in base 5?
3
-1c (base 13) to base 15
-1a
-1 (base 4) to base 16
-1
7 (base 11) to base 8
7
Convert -26 (base 13) to base 15.
-22
Convert -3 (base 8) to base 12.
-3
10020 (base 4) to base 7
525
What is 1 (base 7) in base 9?
1
-51 (base 15) to base 3
-2211
12020 (base 3) to base 14
a1
Convert -212 (base 3) to base 2.
-10111
222 (base 3) to base 6
42
What is 22 (base 10) in base 7?
31
-1 (base 15) to base 2
-1
Convert -2324 (base 5) to base 12.
-243
1 (base 12) to base 15
1
What is -1101 (base 2) in base 4?
-31
-15 (base 15) to base 10
-20
1001110 (base 2) to base 11
71
Convert -314 (base 8) to base 10.
-204
Convert 15 (base 12) to base 7.
23
-10011 (base 2) to base 5
-34
41 (base 16) to base 7
122
What is 12001 (base 3) in base 16?
88
322 (base 4) to base 7
112
2 (base 5) to base 6
2
Convert 6 (base 12) to base 9.
6
Convert -2 (base 4) to base 15.
-2
What is -231 (base 9) in base 2?
-10111110
42 (base 6) to base 5
101
-45 (base 14) to base 13
-49
Convert -122 (base 3) to base 5.
-32
What is 25 (base 9) in base 13?
1a
What is 24 (base 7) in base 16?
12
What is 147 (base 8) in base 12?
87
What is -60 (base 15) in base 5?
-330
Convert 0 (base 16) to base 4.
0
What is -30 (base 7) in base 6?
-33
Convert -11100 (base 2) to base 10.
-28
Convert 6 (base 9) to base 12.
6
Convert -15 (base 13) to base 14.
-14
10 (base 2) to base 10
2
What is -1 (base 16) in base 4?
-1
What is 68 (base 11) in base 4?
1022
10 (base 2) to base 10
2
13 (base 12) to base 13
12
Convert -53 (base 11) to base 16.
-3a
What is -1 (base 3) in base 12?
-1
3 (base 12) to base 5
3
-13 (base 9) to base 13
-c
406 (base 7) to base 2
11001010
Convert 11013 (base 4) to base 6.
1303
Convert -17 (base 12) to base 15.
-14
6 (base 16) to base 10
6
Convert 5 (base 14) to base 4.
11
What is 3 (base 14) in base 8?
3
-10 (base 7) to base 16
-7
-6 (base 15) to base 11
-6
What is 6 (base 16) in base 15?
6
What is -174 (base 8) in base 5?
-444
What is c4 (base 16) in base 13?
121
-5 (base 9) to base 10
-5
Convert 74 (base 8) to base 16.
3c
Convert b (base 16) to base 3.
102
What is -f (base 16) in base 11?
-14
Convert -2d (base 14) to base 6.
-105
-2 (base 13) to base 15
-2
Convert 17 (base 15) to base 12.
1a
What is -5 (base 12) in base 5?
-10
-1 (base 3) to base 6
-1
29 (base 11) to base 9
34
What is 5 (base 16) in base 14?
5
Convert -14 (base 10) to base 14.
-10
-3 (base 12) to base 7
-3
-133 (base 4) to base 14
-23
What is 10 (base 5) in base 3?
12
-a (base 15) to base 9
-11
10 (base 6) to base 7
6
Convert -30 (base 14) to base 7.
-60
Convert 2 (base 7) to base 13.
2
Convert 0 (base 2) to base 14.
0
11 (base 2) to base 13
3
What is 13 (base 8) in base 12?
b
Convert -120 (base 5) to base 3.
-1022
Convert -10 (base 3) to base 4.
-3
Convert 21 (base 4) to base 2.
1001
142 (base 6) to base 13
4a
-6 (base 12) to base 4
-12
Convert -137 (base 8) to base 10.
-95
-100 (base 3) to base 14
-9
Convert 0 (base 5) to base 14.
0
Convert 100 (base 3) to base 2.
1001
-22 (base 5) to base 8
-14
Convert 220 (base 3) to base 14.
1a
20 (base 4) to base 6
12
2e (base 15) to base 2
101100
Convert 0 (base 12) to base 14.
0
Convert 85 (base 10) to base 15.
5a
Convert 106 (base 8) to base 10.
70
What is -3 (base 14) in base 7?
-3
Convert -3 (base 12) to base 4.
-3
Convert 3 (base 6) to base 10.
3
-343 (base 5) to base 2
-1100010
-165 (base 13) to base 8
-374
What is -4 (base 9) in base 6?
-4
-3 (base 11) to base 4
-3
-11 (base 2) to base 13
-3
What is -b (base 12) in base 15?
-b
What is 29 (base 12) in base 4?
201
13 (base 12) to base 4
33
What is 4 (b